{"id":32,"date":"2019-05-09T15:24:50","date_gmt":"2019-05-09T13:24:50","guid":{"rendered":"http:\/\/kanzlei-krekel.de\/cms\/?page_id=32"},"modified":"2021-10-12T10:58:32","modified_gmt":"2021-10-12T08:58:32","slug":"ich-begruesse","status":"publish","type":"page","link":"https:\/\/kanzlei-krekel.de\/cms\/","title":{"rendered":""},"content":{"rendered":"<p><img loading=\"lazy\" class=\"alignnone size-large wp-image-68\" src=\"http:\/\/kanzlei-krekel.de\/cms\/wp-content\/uploads\/2019\/08\/Krekel_1-683x1024.jpg\" alt=\"\" width=\"683\" height=\"1024\" srcset=\"https:\/\/kanzlei-krekel.de\/cms\/wp-content\/uploads\/2019\/08\/Krekel_1-683x1024.jpg 683w, https:\/\/kanzlei-krekel.de\/cms\/wp-content\/uploads\/2019\/08\/Krekel_1-200x300.jpg 200w, https:\/\/kanzlei-krekel.de\/cms\/wp-content\/uploads\/2019\/08\/Krekel_1-768x1152.jpg 768w, https:\/\/kanzlei-krekel.de\/cms\/wp-content\/uploads\/2019\/08\/Krekel_1.jpg 912w\" sizes=\"(max-width: 683px) 85vw, 683px\" \/><\/p>\n<p>Ich begr\u00fc\u00dfe Sie auf der Homepage der Kanzlei Ines Krekel.<\/p>\n<p>Als Rechtsanw\u00e4ltin mit Sitz in Ingelheim, in B\u00fcrogemeinschaft mit der Kanzlei Kutzner &amp; Kollegen GbR, bin ich auf vielen Rechtsgebieten t\u00e4tig.<\/p>\n<p>Juristische Probleme unterscheiden sich von Einzelfall zu Einzelfall und m\u00fcssen daher auch auf jede Konstellation speziell zugeschnitten bearbeitet werden.<\/p>\n<p>Schwerpunkte meiner anwaltlichen T\u00e4tigkeit bilden das Allgemeine Zivil-, Miet- und Verkehrsrecht.<\/p>\n<p>Die Kanzleir\u00e4ume befinden sich in der Georg-R\u00fcckert-Stra\u00dfe 10 in 55218 Ingelheim.<\/p>\n","protected":false},"excerpt":{"rendered":"<p>Ich begr\u00fc\u00dfe Sie auf der Homepage der Kanzlei Ines Krekel. Als Rechtsanw\u00e4ltin mit Sitz in Ingelheim, in B\u00fcrogemeinschaft mit der Kanzlei Kutzner &amp; Kollegen GbR, bin ich auf vielen Rechtsgebieten t\u00e4tig. Juristische Probleme unterscheiden sich von Einzelfall zu Einzelfall und m\u00fcssen daher auch auf jede Konstellation speziell zugeschnitten bearbeitet werden. Schwerpunkte meiner anwaltlichen T\u00e4tigkeit bilden &hellip; <a href=\"https:\/\/kanzlei-krekel.de\/cms\/\" class=\"more-link\"><span class=\"screen-reader-text\">&#8222;&#8220; <\/span>weiterlesen<\/a><\/p>\n","protected":false},"author":2,"featured_media":0,"parent":0,"menu_order":0,"comment_status":"closed","ping_status":"closed","template":"","meta":[],"_links":{"self":[{"href":"https:\/\/kanzlei-krekel.de\/cms\/wp-json\/wp\/v2\/pages\/32"}],"collection":[{"href":"https:\/\/kanzlei-krekel.de\/cms\/wp-json\/wp\/v2\/pages"}],"about":[{"href":"https:\/\/kanzlei-krekel.de\/cms\/wp-json\/wp\/v2\/types\/page"}],"author":[{"embeddable":true,"href":"https:\/\/kanzlei-krekel.de\/cms\/wp-json\/wp\/v2\/users\/2"}],"replies":[{"embeddable":true,"href":"https:\/\/kanzlei-krekel.de\/cms\/wp-json\/wp\/v2\/comments?post=32"}],"version-history":[{"count":21,"href":"https:\/\/kanzlei-krekel.de\/cms\/wp-json\/wp\/v2\/pages\/32\/revisions"}],"predecessor-version":[{"id":129,"href":"https:\/\/kanzlei-krekel.de\/cms\/wp-json\/wp\/v2\/pages\/32\/revisions\/129"}],"wp:attachment":[{"href":"https:\/\/kanzlei-krekel.de\/cms\/wp-json\/wp\/v2\/media?parent=32"}],"curies":[{"name":"wp","href":"https:\/\/api.w.org\/{rel}","templated":true}]}}